-7 + 12. Suppose -r*z + 41 = -9. Calculate the remainder when 17 is divided by z.
7
Let q be -1*((-2)/(-1) + -31). Suppose o = 8 + q. Suppose 4*l + 2*n - 52 = 0, -2*l + 13 = -5*n - 13. What is the remainder when o is divided by l?
11
Suppose -54 = -k - 4*v, 2*k - 3*v - 58 = 17. What is the remainder when k is divided by 15 + 3 + 4 + -11?
9
Suppose -4*y - 3*s + 5 = -0*y, 5*y = 5*s + 15. Suppose -4*k = -5*l + 13 + 41, 0 = 3*l - y*k - 32. What is the remainder when 39 is divided by l?
9
Suppose -4*r = -r - 9. Suppose r*p = 2*d + 2*p - 40, 5*d - 89 = -3*p. Suppose -2*a + 1 + d = 0. Calculate the remainder when 18 is divided by a.
8
Let m = 30 + -8. Let o = 10 - -22. Suppose -3*t - t = -o. What is the remainder when m is divided by t?
6
Let y = 4 - 10. Let u = 10 + y. Suppose -s + 5 - u = 0. Calculate the remainder when 3 is divided by s.
0
Suppose 0 = v + 2*v. Let p = 31 + -7. Suppose v = -4*s - 12, p = o - s + 3. Calculate the remainder when 53 is divided by o.
17
Let y(t) = -9*t + 1. Let v be ((-8)/6)/((-1)/(-3)). Calculate the remainder when y(v) is divided by ((-1)/(-1))/(-1)*-13.
11
Let i be 3/12 + 165/12. What is the remainder when 4/i - (-248)/14 is divided by 2/(-4)*2*-10?
8
Suppose -s - 3*x - 7 = 5, 1 = -3*s - 2*x. Suppose 0 = 3*t + 4*u - 12, -3*t - 2*t = s*u - 20. Calculate the remainder when t is divided by 3.
1
Suppose -3*h = 5*p + 6, -2 = -2*h - p + 1. Suppose 0 = 8*y - 3*y + n - 137, -5*y + 131 = h*n. What is the remainder when 82 is divided by y?
26
Let z = 23 - 5. Calculate the remainder when z is divided by 7.
4
Let k = -25 - -33. Calculate the remainder when 43 is divided by k.
3
Suppose 48 = 12*n - 6*n. Calculate the remainder when 61 is divided by n.
5
Suppose -4*q = -3*x + 56, 0 = 4*x - 2*x + 3*q - 43. What is the remainder when x is divided by 7?
6
Let s(z) = -2*z**3 - z**2. Let w be s(-2). Let c = w - -7. What is the remainder when c is divided by 5?
4
Suppose o + 5*n = -4*o + 10, 0 = -3*o - 5*n - 2. Calculate the remainder when 32 is divided by o.
2
Suppose -2*m = -n - 28, -m - 3*n = -n - 14. Let v = -10 - -14. Calculate the remainder when m is divided by v.
2
Let n(z) = 11*z**3 + 2*z**2 + 2*z. Let u be n(-2). What is the remainder when (1 - 0)/((-2)/u) is divided by (3/(-6))/(3/(-66))?
9
Suppose -8*k + 4*k - 165 = -n, 3*k = -3. Calculate the remainder when n is divided by 27.
26
Suppose -3*j + 3*i + 9 - 3 = 0, 0 = -3*j + 4*i + 3. Let w(z) = z**3 + 4*z**2 - 4*z + 7. Calculate the remainder when j is divided by w(-5).
1
Suppose 2*x - 3*x = 0. Suppose h - 32 = -x*h. What is the remainder when h is divided by 11?
10
Let m(l) = 51*l - 1. Suppose 5*s = -2*a + 44, a - 33 = -s - 14. What is the remainder when m(1) is divided by a?
16
Suppose -5*y + 7*y = 0, 3*y - 2 = 2*c. What is the remainder when (2 - 2) + c - -15 is divided by 8?
6
Let s = 14 + -5. Calculate the remainder when 25 is divided by s.
7
Suppose 0 = -12*k - 0*k + 792. What is the remainder when k is divided by 17?
15
Suppose -2*p = -3*p + 6. Let r = p + -3. What is the remainder when 10 is divided by r?
1
Calculate the remainder when 19 is divided by 0 - (-79)/7 - (-14)/(-49).
8
Suppose 28*v - 444 = 928. What is the remainder when v is divided by 17/(-3)*-1*3?
15
Calculate the remainder when 82/(-4)*(-1 + -1) is divided by 7.
6
Suppose 98 = 6*a + a. What is the remainder when 123 is divided by a?
11
Let w(l) = 17*l + 1. Suppose -k + 9 = 28. Let n = k - -37. What is the remainder when w(4) is divided by n?
15
Suppose -3*g - 65 = -k, -g - 5*k = -5*g - 105. Suppose -4*d + d + 38 = m, -5*m = -4*d + 76. What is the remainder when d is divided by 15/g + 23/4?
4
Suppose m = 7 + 43. Calculate the remainder when m is divided by 18.
14
Let r be (-2)/(-6) - 10/3. Let v = r - -9. Let l(u) = -u**3 - 3*u**2 + 8*u + 6. Calculate the remainder when l(-5) is divided by v.
4
Suppose -16*w = -20*w + 100. What is the remainder when 48 is divided by w?
23
Suppose 6*t = 11*t - 190. What is the remainder when t is divided by 13?
12
Let q be (-4)/(-2 - -1 - 0). Let z = 21 - q. What is the remainder when 31 is divided by z?
14
Calculate the remainder when 15 is divided by (-8)/1*(-13 - -12).
7
Let q = 24 - 19. Let r be 134/(-10) + 2/5. What is the remainder when -3*(r/3 + 0) is divided by q?
3
Let y = 1 + 2. Suppose -2*n + n + y*m = -67, n - 5*m - 65 = 0. Let p = n - 50. Calculate the remainder when p is divided by 11.
9
Suppose -3*v + 0*v - 3 = -3*w, -4*w = 5*v - 22. Let g be (-2)/4 - (-21)/(-6). Let y = w - g. What is the remainder when y is divided by 4?
3
Suppose -4*s + 5*s - 12 = 0. Suppose 5*h = b - 8, b - 6*b - h = 38. What is the remainder when -10*1*b/2 is divided by s?
11
Suppose l + 0*l = -4*c + 42, -2*c + 18 = -l. What is the remainder when 139 is divided by c?
9
Calculate the remainder when (-3650)/(-60) - 1/(-6) is divided by 21.
19
What is the remainder when (-4 - (-62)/4)*(1 + 1) is divided by 16?
7
Calculate the remainder when 22 is divided by (-9)/12 - 273/(-28).
4
Let a be (-92)/(-16) + (-1)/(-4). Let m = a + -1. Suppose 4*u - 37 = -m. Calculate the remainder when 23 is divided by u.
7
Let c(a) = 2*a + 7. What is the remainder when 44 is divided by c(4)?
14
Calculate the remainder when 202 is divided by (170/15)/(10/15).
15
Let o(a) = a**2 + 3*a - 2. Suppose 3*q = 2*m - 71, 0 = -3*m - 4*q + 66 + 15. What is the remainder when m is divided by o(-5)?
7
Suppose -2*a + 4*b = 2*a, -a = 3*b - 12. Suppose 81 = -0*f + a*f. Calculate the remainder when f is divided by 7.
6
Suppose 0 = d + 1 - 14. Suppose -g - g = -10, -4*g + 96 = 2*x. Calculate the remainder when x is divided by d.
12
Let x(j) = 0 + 0*j + 3 - 4 - 3*j. Calculate the remainder when 15 is divided by x(-3).
7
Let t = -21 - -56. What is the remainder when t is divided by 22?
13
Let j(r) = 3*r**3 + 5*r**2 + r**2 + 6 - 9*r + 1 - 2*r**3. Let v(b) = -11*b**3 - b**2 + 1. Calculate the remainder when j(-7) is divided by v(-1).
10
Let h(r) = r**2 + 2*r + 4. What is the remainder when h(-5) is divided by 10?
9
Let z(v) = 10*v**2 - 6*v + 1. Calculate the remainder when z(-2) is divided by 27.
26
Let w(o) = -2*o - 8. Let g be -2 - 5/(5/6). Calculate the remainder when 31 is divided by w(g).
7
Suppose -5*a = -25, -3*q = q - 5*a - 3. What is the remainder when 8 is divided by q?
1
Suppose -i - 6 = -5. Calculate the remainder when -17*(i + 0 + 0) is divided by 5.
2
Suppose 2*k = k - 54. Let h = 90 + k. Suppose 2 = y - 17. What is the remainder when h is divided by y?
17
Suppose -4*w - 33 = -7*w. Calculate the remainder when 41 is divided by w.
8
Let t be 8/(-12) - (-34)/(-3). Let v = 29 + t. Let z = -15 - -21. Calculate the remainder when v is divided by z.
5
Suppose -28 = -3*u + 20. Let v = u + -3. Calculate the remainder when 24 is divided by v.
11
Calculate the remainder when (-1)/3 + 630/27 is divided by 12.
11
Suppose -22 = -v - a, 5*v - 5*a - 65 = 5. Suppose f - 1 = 1, -4*r - 3*f = -v. What is the remainder when 11 is divided by r?
2
Let a(x) = -x + 4. Let w be a(-4). Let g = -5 + w. What is the remainder when g is divided by 2?
1
Suppose 5*a + 10 = 4*v, 2*v = 5*a - v + 5. Let p(y) = -2*y - 5*y - a - y. What is the remainder when 26 is divided by p(-2)?
12
Suppose g - 6*g - 33 = -4*w, -3*w = g - 20. Suppose 4*d - w - 1 = 0. Suppose 20 - 5 = 3*o. Calculate the remainder when o is divided by d.
1
Let n = -27 - -91. Suppose -n = -a - 326. Calculate the remainder when 64 is divided by 2/12 - a/12.
20
Let g(t) = 4*t - 2. Calculate the remainder when 22 + -1*(-9)/(-3) is divided by g(3).
9
Suppose q - 12 = -q. What is the remainder when 21 is divided by q?
3
What is the remainder when 19 is divided by (-5*(-2 + 3))/(-1)?
4
Let z be -31 + (-4)/4 + 3. Let w = 42 + z. Calculate the remainder when 50 is divided by w.
11
Let f = -5 - -16. What is the remainder when 30 is divided by f?
8
Let y = -107 - -115. Calculate the remainder when 30 is divided by y.
6
Suppose 0*j - 20 = -4*j. Suppose 4*t - 74 = -0*t - j*c, 0 = -3*t - 5*c + 58. Calculate the remainder when 31 is divided by t.
15
Let p(q) = q**2 + q + 2. Let k be p(-2). Suppose 2*f = -4*g + 60, 4*f - 2 = k*g + 130. Suppose 19 = t + 2. Calculate the remainder when f is divided by t.
15
Let f = 198 - 140. What is the remainder when f is divided by 20?
18
Let g be 0*(15/(-6) - -2).